{"id":15810,"date":"2024-06-10T14:47:33","date_gmt":"2024-06-10T12:47:33","guid":{"rendered":"https:\/\/logindoc.info\/wordpress\/?page_id=15810"},"modified":"2024-06-27T16:54:24","modified_gmt":"2024-06-27T14:54:24","slug":"demande-de-devis-offre-paie","status":"publish","type":"page","link":"https:\/\/logindoc.info\/wordpress\/demande-de-devis-offre-paie\/","title":{"rendered":"Demande de devis offre PAIE"},"content":{"rendered":"\t\t<div data-elementor-type=\"wp-page\" data-elementor-id=\"15810\" class=\"elementor elementor-15810\">\n\t\t\t\t<div class=\"elementor-element elementor-element-61771a8 e-con-full e-flex e-con e-parent\" data-id=\"61771a8\" data-element_type=\"container\" data-e-type=\"container\" data-settings=\"{&quot;background_background&quot;:&quot;classic&quot;}\">\n\t\t\t\t<div class=\"elementor-element elementor-element-147ea3c elementor-widget__width-inherit elementor-widget elementor-widget-heading\" data-id=\"147ea3c\" data-element_type=\"widget\" data-e-type=\"widget\" data-widget_type=\"heading.default\">\n\t\t\t\t<div class=\"elementor-widget-container\">\n\t\t\t\t\t<h2 class=\"elementor-heading-title elementor-size-default\">DEMANDE DE DEVIS OFFRE PAIE<\/h2>\t\t\t\t<\/div>\n\t\t\t\t<\/div>\n\t\t\t\t<\/div>\n\t\t<div class=\"elementor-element elementor-element-e816fa2 e-flex e-con-boxed e-con e-parent\" data-id=\"e816fa2\" data-element_type=\"container\" data-e-type=\"container\">\n\t\t\t\t\t<div class=\"e-con-inner\">\n\t\t\t\t<div class=\"elementor-element elementor-element-2380216 elementor-widget elementor-widget-spacer\" data-id=\"2380216\" data-element_type=\"widget\" data-e-type=\"widget\" data-widget_type=\"spacer.default\">\n\t\t\t\t<div class=\"elementor-widget-container\">\n\t\t\t\t\t\t\t<div class=\"elementor-spacer\">\n\t\t\t<div class=\"elementor-spacer-inner\"><\/div>\n\t\t<\/div>\n\t\t\t\t\t\t<\/div>\n\t\t\t\t<\/div>\n\t\t\t\t\t<\/div>\n\t\t\t\t<\/div>\n\t\t<div class=\"elementor-element elementor-element-dc96a34 e-flex e-con-boxed e-con e-parent\" data-id=\"dc96a34\" data-element_type=\"container\" data-e-type=\"container\">\n\t\t\t\t\t<div class=\"e-con-inner\">\n\t\t\t\t<div class=\"elementor-element elementor-element-0d31db1 elementor-widget-mobile__width-initial elementor-widget elementor-widget-text-editor\" data-id=\"0d31db1\" data-element_type=\"widget\" data-e-type=\"widget\" data-widget_type=\"text-editor.default\">\n\t\t\t\t<div class=\"elementor-widget-container\">\n\t\t\t\t\t\t\t\t\t<p><span style=\"vertical-align: inherit;\"><span style=\"vertical-align: inherit;\"><span style=\"vertical-align: inherit;\"><span style=\"vertical-align: inherit;\"><span style=\"vertical-align: inherit;\"><span style=\"vertical-align: inherit;\"><span style=\"vertical-align: inherit;\"><span style=\"vertical-align: inherit;\">Veuillez renseigner les informations ci-dessous afin que nous puissions traiter votre demande.<\/span><\/span><\/span><\/span><\/span><\/span><\/span><\/span><\/p>\t\t\t\t\t\t\t\t<\/div>\n\t\t\t\t<\/div>\n\t\t\t\t\t<\/div>\n\t\t\t\t<\/div>\n\t\t<div class=\"elementor-element elementor-element-11d996c e-flex e-con-boxed e-con e-parent\" data-id=\"11d996c\" data-element_type=\"container\" data-e-type=\"container\">\n\t\t\t\t\t<div class=\"e-con-inner\">\n\t\t\t\t<div class=\"elementor-element elementor-element-6c3a3e2 elementor-widget elementor-widget-formidable\" data-id=\"6c3a3e2\" data-element_type=\"widget\" data-e-type=\"widget\" data-widget_type=\"formidable.default\">\n\t\t\t\t<div class=\"elementor-widget-container\">\n\t\t\t\t\t<div class=\"frm_forms  with_frm_style frm_style_style-formidable\" id=\"frm_form_5_container\" data-token=\"142ef55fc2414e710f5c00c2793d15e1\">\n<form enctype=\"multipart\/form-data\" method=\"post\" class=\"frm-show-form \" id=\"form_demande-demonstration-paie\" data-token=\"142ef55fc2414e710f5c00c2793d15e1\">\n<div class=\"frm_form_fields \">\n<fieldset>\n<legend class=\"frm_screen_reader\">Demande de devis PAIE<\/legend>\r\n\r\n<div class=\"frm_fields_container\">\n<input type=\"hidden\" name=\"frm_action\" value=\"create\" \/>\n<input type=\"hidden\" name=\"form_id\" value=\"5\" \/>\n<input type=\"hidden\" name=\"frm_hide_fields_5\" id=\"frm_hide_fields_5\" value=\"\" \/>\n<input type=\"hidden\" name=\"form_key\" value=\"demande-demonstration-paie\" \/>\n<input type=\"hidden\" name=\"item_meta[0]\" value=\"\" \/>\n<input type=\"hidden\" id=\"frm_submit_entry_5\" name=\"frm_submit_entry_5\" value=\"8096ad9a7e\" \/><input type=\"hidden\" name=\"_wp_http_referer\" value=\"\/wordpress\/wp-json\/wp\/v2\/pages\/15810\" \/><div id=\"frm_field_32_container\" class=\"frm_form_field form-field  frm_required_field frm_top_container frm6 frm_first\">\r\n    <label for=\"field_i273g\" id=\"field_i273g_label\" class=\"frm_primary_label\">Pr\u00e9nom\r\n        <span class=\"frm_required\" aria-hidden=\"true\">*<\/span>\r\n    <\/label>\r\n    <input type=\"text\" id=\"field_i273g\" name=\"item_meta[32]\" value=\"\"  data-reqmsg=\"Pr\u00e9nom ne peut pas \u00eatre vide.\" aria-required=\"true\" data-invmsg=\"texte est non valide\" aria-invalid=\"false\"  \/>\r\n    \r\n    \r\n<\/div>\n<div id=\"frm_field_33_container\" class=\"frm_form_field form-field  frm_required_field frm_top_container frm6\">\r\n    <label for=\"field_son3n\" id=\"field_son3n_label\" class=\"frm_primary_label\">Nom\r\n        <span class=\"frm_required\" aria-hidden=\"true\">*<\/span>\r\n    <\/label>\r\n    <input type=\"text\" id=\"field_son3n\" name=\"item_meta[33]\" value=\"\"  data-reqmsg=\"Nom ne peut pas \u00eatre vide.\" aria-required=\"true\" data-invmsg=\"texte est non valide\" aria-invalid=\"false\"  \/>\r\n    \r\n    \r\n<\/div>\n<div id=\"frm_field_34_container\" class=\"frm_form_field form-field  frm_top_container\">\r\n    <label for=\"field_h8s16\" id=\"field_h8s16_label\" class=\"frm_primary_label\">Raison sociale\r\n        <span class=\"frm_required\" aria-hidden=\"true\"><\/span>\r\n    <\/label>\r\n    <input type=\"text\" id=\"field_h8s16\" name=\"item_meta[34]\" value=\"\"  data-invmsg=\"texte est non valide\" aria-invalid=\"false\"  \/>\r\n    \r\n    \r\n<\/div>\n<div id=\"frm_field_35_container\" class=\"frm_form_field form-field  frm_required_field frm_top_container frm6 frm_first\">\r\n    <label for=\"field_ycwl6\" id=\"field_ycwl6_label\" class=\"frm_primary_label\">Email\r\n        <span class=\"frm_required\" aria-hidden=\"true\">*<\/span>\r\n    <\/label>\r\n    <input type=\"text\" id=\"field_ycwl6\" name=\"item_meta[35]\" value=\"\"  data-reqmsg=\"Email ne peut pas \u00eatre vide.\" aria-required=\"true\" data-invmsg=\"texte est non valide\" aria-invalid=\"false\"  \/>\r\n    \r\n    \r\n<\/div>\n<div id=\"frm_field_36_container\" class=\"frm_form_field form-field  frm_required_field frm_top_container frm6\">\r\n    <label for=\"field_mc81v\" id=\"field_mc81v_label\" class=\"frm_primary_label\">T\u00e9l\u00e9phone\r\n        <span class=\"frm_required\" aria-hidden=\"true\">*<\/span>\r\n    <\/label>\r\n    <input type=\"text\" id=\"field_mc81v\" name=\"item_meta[36]\" value=\"\"  data-reqmsg=\"T\u00e9l\u00e9phone ne peut pas \u00eatre vide.\" aria-required=\"true\" data-invmsg=\"texte est non valide\" aria-invalid=\"false\"  \/>\r\n    \r\n    \r\n<\/div>\n<div id=\"frm_field_37_container\" class=\"frm_form_field form-field  frm_top_container frm6 frm_first\">\r\n    <label for=\"field_tcci9\" id=\"field_tcci9_label\" class=\"frm_primary_label\">Fonction\r\n        <span class=\"frm_required\" aria-hidden=\"true\"><\/span>\r\n    <\/label>\r\n    <input type=\"text\" id=\"field_tcci9\" name=\"item_meta[37]\" value=\"\"  data-invmsg=\"texte est non valide\" aria-invalid=\"false\"  \/>\r\n    \r\n    \r\n<\/div>\n<div id=\"frm_field_38_container\" class=\"frm_form_field form-field  frm_top_container frm6\">\r\n    <label for=\"field_9qhuy\" id=\"field_9qhuy_label\" class=\"frm_primary_label\">Secteur d'activit\u00e9\r\n        <span class=\"frm_required\" aria-hidden=\"true\"><\/span>\r\n    <\/label>\r\n    <input type=\"text\" id=\"field_9qhuy\" name=\"item_meta[38]\" value=\"\"  data-invmsg=\"texte est non valide\" aria-invalid=\"false\"  \/>\r\n    \r\n    \r\n<\/div>\n<div id=\"frm_field_41_container\" class=\"frm_form_field form-field  frm_top_container frm6 frm_first\">\r\n    <label for=\"field_clgdy\" id=\"field_clgdy_label\" class=\"frm_primary_label\">Convention collective\r\n        <span class=\"frm_required\" aria-hidden=\"true\"><\/span>\r\n    <\/label>\r\n    <input type=\"text\" id=\"field_clgdy\" name=\"item_meta[41]\" value=\"\"  data-invmsg=\"texte est non valide\" aria-invalid=\"false\"  \/>\r\n    \r\n    \r\n<\/div>\n<div id=\"frm_field_42_container\" class=\"frm_form_field form-field  frm_top_container frm6\">\r\n    <label for=\"field_yyae1\" id=\"field_yyae1_label\" class=\"frm_primary_label\">Nombre de salari\u00e9s\r\n        <span class=\"frm_required\" aria-hidden=\"true\"><\/span>\r\n    <\/label>\r\n    <input type=\"number\" id=\"field_yyae1\" name=\"item_meta[42]\" value=\"\"  data-invmsg=\"Nombre est non valide\" aria-invalid=\"false\"   min=\"0\" max=\"9999999\" step=\"any\"\/>\r\n    \r\n    \r\n<\/div>\n<div id=\"frm_field_39_container\" class=\"frm_form_field form-field  frm_top_container vertical_radio\">\r\n    <div  id=\"field_2yis6_label\" class=\"frm_primary_label\">Veuillez cocher les cases correspondantes au domaine qui vous int\u00e9resse :\r\n        <span class=\"frm_required\" aria-hidden=\"true\"><\/span>\r\n    <\/div>\r\n    <div class=\"frm_opt_container\" aria-labelledby=\"field_2yis6_label\" role=\"group\">\t\t<div class=\"frm_checkbox\" id=\"frm_checkbox_39-0\">\t\t\t<label  for=\"field_2yis6-0\">\n\t\t\t<input type=\"checkbox\" name=\"item_meta[39][]\" id=\"field_2yis6-0\" value=\"Traitement des \u00e9l\u00e9ments variables\"  data-invmsg=\"Veuillez cocher les cases correspondantes au domaine qui vous int\u00e9resse : est non valide\"   \/> Traitement des \u00e9l\u00e9ments variables<\/label><\/div>\n\t\t<div class=\"frm_checkbox\" id=\"frm_checkbox_39-1\">\t\t\t<label  for=\"field_2yis6-1\">\n\t\t\t<input type=\"checkbox\" name=\"item_meta[39][]\" id=\"field_2yis6-1\" value=\"Calcul, production et contr\u00f4le des bulletins\"  data-invmsg=\"Veuillez cocher les cases correspondantes au domaine qui vous int\u00e9resse : est non valide\"   \/> Calcul, production et contr\u00f4le des bulletins<\/label><\/div>\n\t\t<div class=\"frm_checkbox\" id=\"frm_checkbox_39-2\">\t\t\t<label  for=\"field_2yis6-2\">\n\t\t\t<input type=\"checkbox\" name=\"item_meta[39][]\" id=\"field_2yis6-2\" value=\"R\u00e9alisation, contr\u00f4le et envoi de la DSN mensuelle\"  data-invmsg=\"Veuillez cocher les cases correspondantes au domaine qui vous int\u00e9resse : est non valide\"   \/> R\u00e9alisation, contr\u00f4le et envoi de la DSN mensuelle<\/label><\/div>\n\t\t<div class=\"frm_checkbox\" id=\"frm_checkbox_39-3\">\t\t\t<label  for=\"field_2yis6-3\">\n\t\t\t<input type=\"checkbox\" name=\"item_meta[39][]\" id=\"field_2yis6-3\" value=\"Veille l\u00e9gale et conventionnelle\"  data-invmsg=\"Veuillez cocher les cases correspondantes au domaine qui vous int\u00e9resse : est non valide\"   \/> Veille l\u00e9gale et conventionnelle<\/label><\/div>\n\t\t<div class=\"frm_checkbox\" id=\"frm_checkbox_39-4\">\t\t\t<label  for=\"field_2yis6-4\">\n\t\t\t<input type=\"checkbox\" name=\"item_meta[39][]\" id=\"field_2yis6-4\" value=\"Gestion des sorties\"  data-invmsg=\"Veuillez cocher les cases correspondantes au domaine qui vous int\u00e9resse : est non valide\"   \/> Gestion des sorties<\/label><\/div>\n\t\t<div class=\"frm_checkbox\" id=\"frm_checkbox_39-5\">\t\t\t<label  for=\"field_2yis6-5\">\n\t\t\t<input type=\"checkbox\" name=\"item_meta[39][]\" id=\"field_2yis6-5\" value=\"Gestion des arr\u00eats de travail\"  data-invmsg=\"Veuillez cocher les cases correspondantes au domaine qui vous int\u00e9resse : est non valide\"   \/> Gestion des arr\u00eats de travail<\/label><\/div>\n\t\t<div class=\"frm_checkbox\" id=\"frm_checkbox_39-6\">\t\t\t<label  for=\"field_2yis6-6\">\n\t\t\t<input type=\"checkbox\" name=\"item_meta[39][]\" id=\"field_2yis6-6\" value=\"Edition des \u00e9tats de fin de mois\"  data-invmsg=\"Veuillez cocher les cases correspondantes au domaine qui vous int\u00e9resse : est non valide\"   \/> Edition des \u00e9tats de fin de mois<\/label><\/div>\n\t\t<div class=\"frm_checkbox\" id=\"frm_checkbox_39-7\">\t\t\t<label  for=\"field_2yis6-7\">\n\t\t\t<input type=\"checkbox\" name=\"item_meta[39][]\" id=\"field_2yis6-7\" value=\"Biblioth\u00e8que de documents de paie\"  data-invmsg=\"Veuillez cocher les cases correspondantes au domaine qui vous int\u00e9resse : est non valide\"   \/> Biblioth\u00e8que de documents de paie<\/label><\/div>\n\t\t<div class=\"frm_checkbox\" id=\"frm_checkbox_39-8\">\t\t\t<label  for=\"field_2yis6-8\">\n\t\t\t<input type=\"checkbox\" name=\"item_meta[39][]\" id=\"field_2yis6-8\" value=\"Rapport sociaux et BDES\"  data-invmsg=\"Veuillez cocher les cases correspondantes au domaine qui vous int\u00e9resse : est non valide\"   \/> Rapport sociaux et BDES<\/label><\/div>\n<\/div>\r\n    \r\n    \r\n<\/div>\n<div id=\"frm_field_40_container\" class=\"frm_form_field form-field  frm_top_container\">\r\n    <label for=\"field_ag26e\" id=\"field_ag26e_label\" class=\"frm_primary_label\">Votre besoin ou projet\r\n        <span class=\"frm_required\" aria-hidden=\"true\"><\/span>\r\n    <\/label>\r\n    <textarea name=\"item_meta[40]\" id=\"field_ag26e\" rows=\"5\"  data-invmsg=\"Votre besoin ou projet est non valide\" aria-invalid=\"false\"  ><\/textarea>\r\n    \r\n    \r\n<\/div>\n<div id=\"frm_field_44_container\" class=\"frm_form_field form-field \">\n\t<div class=\"frm_submit frm_flex\">\r\n<button class=\"frm_button_submit\" type=\"submit\"  >Envoyer<\/button>\r\n\r\n\r\n\r\n<\/div>\n<\/div>\n\t<input type=\"hidden\" name=\"item_key\" value=\"\" \/>\n\t\t\t<div id=\"frm_field_47_container\">\n\t\t\t<label for=\"field_abwps\" >\n\t\t\t\tSi vous \u00eates un humain, ne remplissez pas ce champ.\t\t\t<\/label>\n\t\t\t<input  id=\"field_abwps\" type=\"text\" class=\"frm_form_field form-field frm_verify\" name=\"item_meta[47]\" value=\"\"  \/>\n\t\t<\/div>\n\t\t<input name=\"frm_state\" type=\"hidden\" value=\"Nck4GFNr7aXzMwC1fHHGToQcM8VRUvuDJsEe9n3qzjs=\" \/><\/div>\n<\/fieldset>\n<\/div>\n\n<\/form>\n<\/div>\n\t\t\t\t<\/div>\n\t\t\t\t<\/div>\n\t\t\t\t\t<\/div>\n\t\t\t\t<\/div>\n\t\t\t\t<\/div>\n\t\t","protected":false},"excerpt":{"rendered":"<p>DEMANDE DE DEVIS OFFRE PAIE Veuillez renseigner les informations ci-dessous afin que nous puissions traiter votre demande. Demande de devis PAIE Pr\u00e9nom * Nom * Raison sociale Email * T\u00e9l\u00e9phone * Fonction Secteur d&#8217;activit\u00e9 Convention collective Nombre de salari\u00e9s Veuillez cocher les cases correspondantes au domaine qui vous int\u00e9resse : Traitement des \u00e9l\u00e9ments variables Calcul, [&hellip;]<\/p>\n","protected":false},"author":2,"featured_media":0,"parent":0,"menu_order":0,"comment_status":"closed","ping_status":"closed","template":"","meta":{"ocean_post_layout":"","ocean_both_sidebars_style":"","ocean_both_sidebars_content_width":0,"ocean_both_sidebars_sidebars_width":0,"ocean_sidebar":"","ocean_second_sidebar":"","ocean_disable_margins":"enable","ocean_add_body_class":"","ocean_shortcode_before_top_bar":"","ocean_shortcode_after_top_bar":"","ocean_shortcode_before_header":"","ocean_shortcode_after_header":"","ocean_has_shortcode":"","ocean_shortcode_after_title":"","ocean_shortcode_before_footer_widgets":"","ocean_shortcode_after_footer_widgets":"","ocean_shortcode_before_footer_bottom":"","ocean_shortcode_after_footer_bottom":"","ocean_display_top_bar":"default","ocean_display_header":"default","ocean_header_style":"","ocean_center_header_left_menu":"","ocean_custom_header_template":"","ocean_custom_logo":0,"ocean_custom_retina_logo":0,"ocean_custom_logo_max_width":0,"ocean_custom_logo_tablet_max_width":0,"ocean_custom_logo_mobile_max_width":0,"ocean_custom_logo_max_height":0,"ocean_custom_logo_tablet_max_height":0,"ocean_custom_logo_mobile_max_height":0,"ocean_header_custom_menu":"","ocean_menu_typo_font_family":"","ocean_menu_typo_font_subset":"","ocean_menu_typo_font_size":0,"ocean_menu_typo_font_size_tablet":0,"ocean_menu_typo_font_size_mobile":0,"ocean_menu_typo_font_size_unit":"px","ocean_menu_typo_font_weight":"","ocean_menu_typo_font_weight_tablet":"","ocean_menu_typo_font_weight_mobile":"","ocean_menu_typo_transform":"","ocean_menu_typo_transform_tablet":"","ocean_menu_typo_transform_mobile":"","ocean_menu_typo_line_height":0,"ocean_menu_typo_line_height_tablet":0,"ocean_menu_typo_line_height_mobile":0,"ocean_menu_typo_line_height_unit":"","ocean_menu_typo_spacing":0,"ocean_menu_typo_spacing_tablet":0,"ocean_menu_typo_spacing_mobile":0,"ocean_menu_typo_spacing_unit":"","ocean_menu_link_color":"","ocean_menu_link_color_hover":"","ocean_menu_link_color_active":"","ocean_menu_link_background":"","ocean_menu_link_hover_background":"","ocean_menu_link_active_background":"","ocean_menu_social_links_bg":"","ocean_menu_social_hover_links_bg":"","ocean_menu_social_links_color":"","ocean_menu_social_hover_links_color":"","ocean_disable_title":"default","ocean_disable_heading":"default","ocean_post_title":"","ocean_post_subheading":"","ocean_post_title_style":"","ocean_post_title_background_color":"","ocean_post_title_background":0,"ocean_post_title_bg_image_position":"","ocean_post_title_bg_image_attachment":"","ocean_post_title_bg_image_repeat":"","ocean_post_title_bg_image_size":"","ocean_post_title_height":0,"ocean_post_title_bg_overlay":0.5,"ocean_post_title_bg_overlay_color":"","ocean_disable_breadcrumbs":"default","ocean_breadcrumbs_color":"","ocean_breadcrumbs_separator_color":"","ocean_breadcrumbs_links_color":"","ocean_breadcrumbs_links_hover_color":"","ocean_display_footer_widgets":"default","ocean_display_footer_bottom":"default","ocean_custom_footer_template":"","iawp_total_views":7,"footnotes":""},"class_list":["post-15810","page","type-page","status-publish","hentry","entry"],"_links":{"self":[{"href":"https:\/\/logindoc.info\/wordpress\/wp-json\/wp\/v2\/pages\/15810","targetHints":{"allow":["GET"]}}],"collection":[{"href":"https:\/\/logindoc.info\/wordpress\/wp-json\/wp\/v2\/pages"}],"about":[{"href":"https:\/\/logindoc.info\/wordpress\/wp-json\/wp\/v2\/types\/page"}],"author":[{"embeddable":true,"href":"https:\/\/logindoc.info\/wordpress\/wp-json\/wp\/v2\/users\/2"}],"replies":[{"embeddable":true,"href":"https:\/\/logindoc.info\/wordpress\/wp-json\/wp\/v2\/comments?post=15810"}],"version-history":[{"count":23,"href":"https:\/\/logindoc.info\/wordpress\/wp-json\/wp\/v2\/pages\/15810\/revisions"}],"predecessor-version":[{"id":17308,"href":"https:\/\/logindoc.info\/wordpress\/wp-json\/wp\/v2\/pages\/15810\/revisions\/17308"}],"wp:attachment":[{"href":"https:\/\/logindoc.info\/wordpress\/wp-json\/wp\/v2\/media?parent=15810"}],"curies":[{"name":"wp","href":"https:\/\/api.w.org\/{rel}","templated":true}]}}