{"id":12253,"date":"2024-06-10T14:50:18","date_gmt":"2024-06-10T12:50:18","guid":{"rendered":"https:\/\/logindoc.info\/wordpress\/?page_id=12253"},"modified":"2024-06-10T14:50:18","modified_gmt":"2024-06-10T12:50:18","slug":"gestion-du-parc-automobile","status":"publish","type":"page","link":"https:\/\/logindoc.info\/wordpress\/gestion-du-parc-automobile\/","title":{"rendered":"Gestion du parc automobile"},"content":{"rendered":"\t\t<div data-elementor-type=\"wp-page\" data-elementor-id=\"12253\" class=\"elementor elementor-12253\">\n\t\t\t\t<div class=\"elementor-element elementor-element-731a40f e-flex e-con-boxed e-con e-parent\" data-id=\"731a40f\" data-element_type=\"container\" data-e-type=\"container\">\n\t\t\t\t\t<div class=\"e-con-inner\">\n\t\t\t\t<div class=\"elementor-element elementor-element-681e8a2 elementor-widget elementor-widget-spacer\" data-id=\"681e8a2\" data-element_type=\"widget\" data-e-type=\"widget\" data-widget_type=\"spacer.default\">\n\t\t\t\t<div class=\"elementor-widget-container\">\n\t\t\t\t\t\t\t<div class=\"elementor-spacer\">\n\t\t\t<div class=\"elementor-spacer-inner\"><\/div>\n\t\t<\/div>\n\t\t\t\t\t\t<\/div>\n\t\t\t\t<\/div>\n\t\t\t\t\t<\/div>\n\t\t\t\t<\/div>\n\t\t<div class=\"elementor-element elementor-element-5c29b389 e-flex e-con-boxed e-con e-parent\" data-id=\"5c29b389\" data-element_type=\"container\" data-e-type=\"container\" data-settings=\"{&quot;background_background&quot;:&quot;classic&quot;}\">\n\t\t\t\t\t<div class=\"e-con-inner\">\n\t\t\t\t<div class=\"elementor-element elementor-element-46e90546 elementor-widget__width-inherit elementor-widget elementor-widget-heading\" data-id=\"46e90546\" data-element_type=\"widget\" data-e-type=\"widget\" data-widget_type=\"heading.default\">\n\t\t\t\t<div class=\"elementor-widget-container\">\n\t\t\t\t\t<h2 class=\"elementor-heading-title elementor-size-default\">Gestion de parcs<\/h2>\t\t\t\t<\/div>\n\t\t\t\t<\/div>\n\t\t\t\t\t<\/div>\n\t\t\t\t<\/div>\n\t\t<div class=\"elementor-element elementor-element-6e59439b e-con-full e-flex e-con e-parent\" data-id=\"6e59439b\" data-element_type=\"container\" data-e-type=\"container\">\n\t\t<div class=\"elementor-element elementor-element-45522324 e-con-full e-flex e-con e-child\" data-id=\"45522324\" data-element_type=\"container\" data-e-type=\"container\">\n\t\t\t\t<div class=\"elementor-element elementor-element-5a9da4 elementor-widget__width-inherit elementor-widget elementor-widget-text-editor\" data-id=\"5a9da4\" data-element_type=\"widget\" data-e-type=\"widget\" data-widget_type=\"text-editor.default\">\n\t\t\t\t<div class=\"elementor-widget-container\">\n\t\t\t\t\t\t\t\t\t<p>Centralisez la gestion de l\u2019ensemble de vos \u00e9quipements pour optimiser les co\u00fbts de gestion<\/p>\t\t\t\t\t\t\t\t<\/div>\n\t\t\t\t<\/div>\n\t\t\t\t<\/div>\n\t\t\t\t<\/div>\n\t\t<div class=\"elementor-element elementor-element-40d41011 e-flex e-con-boxed e-con e-parent\" data-id=\"40d41011\" data-element_type=\"container\" data-e-type=\"container\">\n\t\t\t\t\t<div class=\"e-con-inner\">\n\t\t\t\t<div class=\"elementor-element elementor-element-25376933 elementor-widget elementor-widget-spacer\" data-id=\"25376933\" data-element_type=\"widget\" data-e-type=\"widget\" data-widget_type=\"spacer.default\">\n\t\t\t\t<div class=\"elementor-widget-container\">\n\t\t\t\t\t\t\t<div class=\"elementor-spacer\">\n\t\t\t<div class=\"elementor-spacer-inner\"><\/div>\n\t\t<\/div>\n\t\t\t\t\t\t<\/div>\n\t\t\t\t<\/div>\n\t\t\t\t\t<\/div>\n\t\t\t\t<\/div>\n\t\t<div class=\"elementor-element elementor-element-345f6549 e-flex e-con-boxed e-con e-parent\" data-id=\"345f6549\" data-element_type=\"container\" data-e-type=\"container\">\n\t\t\t\t\t<div class=\"e-con-inner\">\n\t\t<div class=\"elementor-element elementor-element-650c86aa e-con-full e-flex e-con e-child\" data-id=\"650c86aa\" data-element_type=\"container\" data-e-type=\"container\">\n\t\t\t\t<div class=\"elementor-element elementor-element-75173ef7 elementor-widget elementor-widget-heading\" data-id=\"75173ef7\" data-element_type=\"widget\" data-e-type=\"widget\" data-widget_type=\"heading.default\">\n\t\t\t\t<div class=\"elementor-widget-container\">\n\t\t\t\t\t<h2 class=\"elementor-heading-title elementor-size-default\">Gestion du parc automobile<\/h2>\t\t\t\t<\/div>\n\t\t\t\t<\/div>\n\t\t\t\t<div class=\"elementor-element elementor-element-4202a564 elementor-widget elementor-widget-text-editor\" data-id=\"4202a564\" data-element_type=\"widget\" data-e-type=\"widget\" data-widget_type=\"text-editor.default\">\n\t\t\t\t<div class=\"elementor-widget-container\">\n\t\t\t\t\t\t\t\t\t<p>La gestion du parc automobile\u00a0: une mission \u00e0 cheval entre le service administratif et le service RH<\/p>\t\t\t\t\t\t\t\t<\/div>\n\t\t\t\t<\/div>\n\t\t\t\t<div class=\"elementor-element elementor-element-5e69452e elementor-widget__width-initial elementor-widget elementor-widget-text-editor\" data-id=\"5e69452e\" data-element_type=\"widget\" data-e-type=\"widget\" data-widget_type=\"text-editor.default\">\n\t\t\t\t<div class=\"elementor-widget-container\">\n\t\t\t\t\t\t\t\t\t<p>Notre module \u00ab\u00a0Gestion du parc automobile\u00a0\u00bb facilite la gestion partag\u00e9e qui permet de\u00a0:<\/p><ul><li>R\u00e9f\u00e9rencer l\u2019ensemble de vos v\u00e9hicules : mod\u00e8le de v\u00e9hicule, type de contrat, date d\u2019entr\u00e9e dans le parc, date de sortie pr\u00e9vue\u2026<\/li><li>G\u00e9rer les diff\u00e9rents modes d\u2019attribution : V\u00e9hicules de fonction avec avantage en nature, v\u00e9hicules de service\u2026<\/li><li>Faire signer la charte de bonne conduite en vigueur dans votre entreprise ;<\/li><li>Archiver le document de remise du v\u00e9hicule dans le dossier du salari\u00e9 et dans le module de suivi de la flotte ;<\/li><li>Envoyer de mani\u00e8re automatis\u00e9e en paie le montant de l\u2019avantage en nature ou de la redevance du salari\u00e9 ;<\/li><li><p>Suivre la validit\u00e9 des permis en organisant des campagnes de contr\u00f4le des permis.<\/p><\/li><\/ul><p>\u00a0<\/p><p>\u00a0<\/p><p>\u00a0<\/p>\t\t\t\t\t\t\t\t<\/div>\n\t\t\t\t<\/div>\n\t\t\t\t<\/div>\n\t\t<div class=\"elementor-element elementor-element-1c9617ef e-con-full e-flex e-con e-child\" data-id=\"1c9617ef\" data-element_type=\"container\" data-e-type=\"container\">\n\t\t\t\t<div class=\"elementor-element elementor-element-631a6b9d elementor-widget elementor-widget-image\" data-id=\"631a6b9d\" data-element_type=\"widget\" data-e-type=\"widget\" data-widget_type=\"image.default\">\n\t\t\t\t<div class=\"elementor-widget-container\">\n\t\t\t\t\t\t\t\t\t\t\t\t\t\t\t<img fetchpriority=\"high\" decoding=\"async\" width=\"886\" height=\"557\" src=\"https:\/\/logindoc.info\/wordpress\/wp-content\/uploads\/2024\/03\/Gestion-du-parc-automobile-1380025643-1.png\" class=\"attachment-large size-large wp-image-16182\" alt=\"\" srcset=\"https:\/\/logindoc.info\/wordpress\/wp-content\/uploads\/2024\/03\/Gestion-du-parc-automobile-1380025643-1.png 886w, https:\/\/logindoc.info\/wordpress\/wp-content\/uploads\/2024\/03\/Gestion-du-parc-automobile-1380025643-1-300x189.png 300w, https:\/\/logindoc.info\/wordpress\/wp-content\/uploads\/2024\/03\/Gestion-du-parc-automobile-1380025643-1-768x483.png 768w\" sizes=\"(max-width: 886px) 100vw, 886px\" \/>\t\t\t\t\t\t\t\t\t\t\t\t\t\t\t<\/div>\n\t\t\t\t<\/div>\n\t\t<div class=\"elementor-element elementor-element-1149cf37 e-transform e-flex e-con-boxed e-con e-child\" data-id=\"1149cf37\" data-element_type=\"container\" data-e-type=\"container\" data-settings=\"{&quot;_transform_scale_effect&quot;:{&quot;unit&quot;:&quot;px&quot;,&quot;size&quot;:0.7,&quot;sizes&quot;:[]},&quot;_transform_scale_effect_laptop&quot;:{&quot;unit&quot;:&quot;px&quot;,&quot;size&quot;:&quot;&quot;,&quot;sizes&quot;:[]},&quot;_transform_scale_effect_tablet&quot;:{&quot;unit&quot;:&quot;px&quot;,&quot;size&quot;:&quot;&quot;,&quot;sizes&quot;:[]},&quot;_transform_scale_effect_mobile&quot;:{&quot;unit&quot;:&quot;px&quot;,&quot;size&quot;:&quot;&quot;,&quot;sizes&quot;:[]}}\">\n\t\t\t\t\t<div class=\"e-con-inner\">\n\t\t\t\t<div class=\"elementor-element elementor-element-4d38fc59 elementor-align-center elementor-widget elementor-widget-button\" data-id=\"4d38fc59\" data-element_type=\"widget\" data-e-type=\"widget\" data-widget_type=\"button.default\">\n\t\t\t\t<div class=\"elementor-widget-container\">\n\t\t\t\t\t\t\t\t\t<div class=\"elementor-button-wrapper\">\n\t\t\t\t\t<a class=\"elementor-button elementor-button-link elementor-size-xs elementor-animation-grow\" href=\"https:\/\/logindoc.info\/wordpress\/elementor-15793\">\n\t\t\t\t\t\t<span class=\"elementor-button-content-wrapper\">\n\t\t\t\t\t\t\t\t\t<span class=\"elementor-button-text\">Demander une d\u00e9monstration<\/span>\n\t\t\t\t\t<\/span>\n\t\t\t\t\t<\/a>\n\t\t\t\t<\/div>\n\t\t\t\t\t\t\t\t<\/div>\n\t\t\t\t<\/div>\n\t\t\t\t<div class=\"elementor-element elementor-element-3ce96932 elementor-widget elementor-widget-spacer\" data-id=\"3ce96932\" data-element_type=\"widget\" data-e-type=\"widget\" data-widget_type=\"spacer.default\">\n\t\t\t\t<div class=\"elementor-widget-container\">\n\t\t\t\t\t\t\t<div class=\"elementor-spacer\">\n\t\t\t<div class=\"elementor-spacer-inner\"><\/div>\n\t\t<\/div>\n\t\t\t\t\t\t<\/div>\n\t\t\t\t<\/div>\n\t\t\t\t\t<\/div>\n\t\t\t\t<\/div>\n\t\t\t\t<\/div>\n\t\t\t\t\t<\/div>\n\t\t\t\t<\/div>\n\t\t<div class=\"elementor-element elementor-element-32d213c7 e-flex e-con-boxed e-con e-parent\" data-id=\"32d213c7\" data-element_type=\"container\" data-e-type=\"container\">\n\t\t\t\t\t<div class=\"e-con-inner\">\n\t\t<div class=\"elementor-element elementor-element-34fab121 e-con-full e-flex e-con e-child\" data-id=\"34fab121\" data-element_type=\"container\" data-e-type=\"container\">\n\t\t\t\t<div class=\"elementor-element elementor-element-11adc35e elementor-widget elementor-widget-image\" data-id=\"11adc35e\" data-element_type=\"widget\" data-e-type=\"widget\" data-widget_type=\"image.default\">\n\t\t\t\t<div class=\"elementor-widget-container\">\n\t\t\t\t\t\t\t\t\t\t\t\t\t\t\t<img decoding=\"async\" width=\"1024\" height=\"654\" src=\"https:\/\/logindoc.info\/wordpress\/wp-content\/uploads\/2024\/03\/Gestion-du-parc-informatique-2232272531-1024x654.png\" class=\"attachment-large size-large wp-image-16186\" alt=\"\" srcset=\"https:\/\/logindoc.info\/wordpress\/wp-content\/uploads\/2024\/03\/Gestion-du-parc-informatique-2232272531-1024x654.png 1024w, https:\/\/logindoc.info\/wordpress\/wp-content\/uploads\/2024\/03\/Gestion-du-parc-informatique-2232272531-300x192.png 300w, https:\/\/logindoc.info\/wordpress\/wp-content\/uploads\/2024\/03\/Gestion-du-parc-informatique-2232272531-768x490.png 768w, https:\/\/logindoc.info\/wordpress\/wp-content\/uploads\/2024\/03\/Gestion-du-parc-informatique-2232272531-1536x981.png 1536w, https:\/\/logindoc.info\/wordpress\/wp-content\/uploads\/2024\/03\/Gestion-du-parc-informatique-2232272531.png 1886w\" sizes=\"(max-width: 1024px) 100vw, 1024px\" \/>\t\t\t\t\t\t\t\t\t\t\t\t\t\t\t<\/div>\n\t\t\t\t<\/div>\n\t\t<div class=\"elementor-element elementor-element-1a89af1b e-transform e-flex e-con-boxed e-con e-child\" data-id=\"1a89af1b\" data-element_type=\"container\" data-e-type=\"container\" data-settings=\"{&quot;_transform_scale_effect&quot;:{&quot;unit&quot;:&quot;px&quot;,&quot;size&quot;:0.7,&quot;sizes&quot;:[]},&quot;_transform_scale_effect_laptop&quot;:{&quot;unit&quot;:&quot;px&quot;,&quot;size&quot;:&quot;&quot;,&quot;sizes&quot;:[]},&quot;_transform_scale_effect_tablet&quot;:{&quot;unit&quot;:&quot;px&quot;,&quot;size&quot;:&quot;&quot;,&quot;sizes&quot;:[]},&quot;_transform_scale_effect_mobile&quot;:{&quot;unit&quot;:&quot;px&quot;,&quot;size&quot;:&quot;&quot;,&quot;sizes&quot;:[]}}\">\n\t\t\t\t\t<div class=\"e-con-inner\">\n\t\t\t\t<div class=\"elementor-element elementor-element-76c9e08d elementor-align-center elementor-widget elementor-widget-button\" data-id=\"76c9e08d\" data-element_type=\"widget\" data-e-type=\"widget\" data-widget_type=\"button.default\">\n\t\t\t\t<div class=\"elementor-widget-container\">\n\t\t\t\t\t\t\t\t\t<div class=\"elementor-button-wrapper\">\n\t\t\t\t\t<a class=\"elementor-button elementor-button-link elementor-size-xs elementor-animation-grow\" href=\"https:\/\/logindoc.info\/wordpress\/elementor-15793\">\n\t\t\t\t\t\t<span class=\"elementor-button-content-wrapper\">\n\t\t\t\t\t\t\t\t\t<span class=\"elementor-button-text\">Demander une d\u00e9monstration<\/span>\n\t\t\t\t\t<\/span>\n\t\t\t\t\t<\/a>\n\t\t\t\t<\/div>\n\t\t\t\t\t\t\t\t<\/div>\n\t\t\t\t<\/div>\n\t\t\t\t\t<\/div>\n\t\t\t\t<\/div>\n\t\t\t\t<\/div>\n\t\t<div class=\"elementor-element elementor-element-2319f1d4 e-con-full e-flex e-con e-child\" data-id=\"2319f1d4\" data-element_type=\"container\" data-e-type=\"container\">\n\t\t\t\t<div class=\"elementor-element elementor-element-6ee912d elementor-widget elementor-widget-heading\" data-id=\"6ee912d\" data-element_type=\"widget\" data-e-type=\"widget\" data-widget_type=\"heading.default\">\n\t\t\t\t<div class=\"elementor-widget-container\">\n\t\t\t\t\t<h2 class=\"elementor-heading-title elementor-size-default\">Gestion du mat\u00e9riel informatique<\/h2>\t\t\t\t<\/div>\n\t\t\t\t<\/div>\n\t\t\t\t<div class=\"elementor-element elementor-element-44f01510 elementor-widget elementor-widget-text-editor\" data-id=\"44f01510\" data-element_type=\"widget\" data-e-type=\"widget\" data-widget_type=\"text-editor.default\">\n\t\t\t\t<div class=\"elementor-widget-container\">\n\t\t\t\t\t\t\t\t\t<p>Entr\u00e9e ou sortie des salari\u00e9s, obsolescence du mat\u00e9riel\u00a0: ma\u00eetrisez la gestion de votre mat\u00e9riel informatique<\/p>\t\t\t\t\t\t\t\t<\/div>\n\t\t\t\t<\/div>\n\t\t\t\t<div class=\"elementor-element elementor-element-2fdb6e9a elementor-widget__width-initial elementor-widget elementor-widget-text-editor\" data-id=\"2fdb6e9a\" data-element_type=\"widget\" data-e-type=\"widget\" data-widget_type=\"text-editor.default\">\n\t\t\t\t<div class=\"elementor-widget-container\">\n\t\t\t\t\t\t\t\t\t<p>Pour limiter les co\u00fbts de gestion, vous avez besoin d\u2019optimiser la gestion de votre mat\u00e9riel informatique. Avec notre plateforme RH, vous pourrez centraliser au m\u00eame endroit toutes les \u00e9tapes du cycle de vie de vos \u00e9quipements :<\/p><ul><li>Gestion du stock physique : num\u00e9ro de s\u00e9rie, date de mise en service, date de sortie du stock ;<\/li><li>Suivi de l\u2019attribution du mat\u00e9riel : date de remise, signature de votre charte de bon usage ;<\/li><li>Suivi de la restitution du mat\u00e9riel : signature et archivage du bon de restitution, mise \u00e0 jour de la date de disponibilit\u00e9 du mat\u00e9riel pour r\u00e9affectation\u2026<\/li><\/ul>\t\t\t\t\t\t\t\t<\/div>\n\t\t\t\t<\/div>\n\t\t\t\t<div class=\"elementor-element elementor-element-220faeb3 elementor-widget elementor-widget-spacer\" data-id=\"220faeb3\" data-element_type=\"widget\" data-e-type=\"widget\" data-widget_type=\"spacer.default\">\n\t\t\t\t<div class=\"elementor-widget-container\">\n\t\t\t\t\t\t\t<div class=\"elementor-spacer\">\n\t\t\t<div class=\"elementor-spacer-inner\"><\/div>\n\t\t<\/div>\n\t\t\t\t\t\t<\/div>\n\t\t\t\t<\/div>\n\t\t\t\t<\/div>\n\t\t\t\t\t<\/div>\n\t\t\t\t<\/div>\n\t\t\t\t<\/div>\n\t\t","protected":false},"excerpt":{"rendered":"<p>Gestion de parcs Centralisez la gestion de l\u2019ensemble de vos \u00e9quipements pour optimiser les co\u00fbts de gestion Gestion du parc automobile La gestion du parc automobile\u00a0: une mission \u00e0 cheval entre le service administratif et le service RH Notre module \u00ab\u00a0Gestion du parc automobile\u00a0\u00bb facilite la gestion partag\u00e9e qui permet de\u00a0: R\u00e9f\u00e9rencer l\u2019ensemble de vos [&hellip;]<\/p>\n","protected":false},"author":2,"featured_media":0,"parent":0,"menu_order":0,"comment_status":"closed","ping_status":"closed","template":"","meta":{"ocean_post_layout":"","ocean_both_sidebars_style":"","ocean_both_sidebars_content_width":0,"ocean_both_sidebars_sidebars_width":0,"ocean_sidebar":"","ocean_second_sidebar":"","ocean_disable_margins":"enable","ocean_add_body_class":"","ocean_shortcode_before_top_bar":"","ocean_shortcode_after_top_bar":"","ocean_shortcode_before_header":"","ocean_shortcode_after_header":"","ocean_has_shortcode":"","ocean_shortcode_after_title":"","ocean_shortcode_before_footer_widgets":"","ocean_shortcode_after_footer_widgets":"","ocean_shortcode_before_footer_bottom":"","ocean_shortcode_after_footer_bottom":"","ocean_display_top_bar":"default","ocean_display_header":"default","ocean_header_style":"","ocean_center_header_left_menu":"","ocean_custom_header_template":"","ocean_custom_logo":0,"ocean_custom_retina_logo":0,"ocean_custom_logo_max_width":0,"ocean_custom_logo_tablet_max_width":0,"ocean_custom_logo_mobile_max_width":0,"ocean_custom_logo_max_height":0,"ocean_custom_logo_tablet_max_height":0,"ocean_custom_logo_mobile_max_height":0,"ocean_header_custom_menu":"","ocean_menu_typo_font_family":"","ocean_menu_typo_font_subset":"","ocean_menu_typo_font_size":0,"ocean_menu_typo_font_size_tablet":0,"ocean_menu_typo_font_size_mobile":0,"ocean_menu_typo_font_size_unit":"px","ocean_menu_typo_font_weight":"","ocean_menu_typo_font_weight_tablet":"","ocean_menu_typo_font_weight_mobile":"","ocean_menu_typo_transform":"","ocean_menu_typo_transform_tablet":"","ocean_menu_typo_transform_mobile":"","ocean_menu_typo_line_height":0,"ocean_menu_typo_line_height_tablet":0,"ocean_menu_typo_line_height_mobile":0,"ocean_menu_typo_line_height_unit":"","ocean_menu_typo_spacing":0,"ocean_menu_typo_spacing_tablet":0,"ocean_menu_typo_spacing_mobile":0,"ocean_menu_typo_spacing_unit":"","ocean_menu_link_color":"","ocean_menu_link_color_hover":"","ocean_menu_link_color_active":"","ocean_menu_link_background":"","ocean_menu_link_hover_background":"","ocean_menu_link_active_background":"","ocean_menu_social_links_bg":"","ocean_menu_social_hover_links_bg":"","ocean_menu_social_links_color":"","ocean_menu_social_hover_links_color":"","ocean_disable_title":"default","ocean_disable_heading":"default","ocean_post_title":"","ocean_post_subheading":"","ocean_post_title_style":"","ocean_post_title_background_color":"","ocean_post_title_background":0,"ocean_post_title_bg_image_position":"","ocean_post_title_bg_image_attachment":"","ocean_post_title_bg_image_repeat":"","ocean_post_title_bg_image_size":"","ocean_post_title_height":0,"ocean_post_title_bg_overlay":0.5,"ocean_post_title_bg_overlay_color":"","ocean_disable_breadcrumbs":"default","ocean_breadcrumbs_color":"","ocean_breadcrumbs_separator_color":"","ocean_breadcrumbs_links_color":"","ocean_breadcrumbs_links_hover_color":"","ocean_display_footer_widgets":"default","ocean_display_footer_bottom":"default","ocean_custom_footer_template":"","iawp_total_views":52,"footnotes":""},"class_list":["post-12253","page","type-page","status-publish","hentry","entry"],"_links":{"self":[{"href":"https:\/\/logindoc.info\/wordpress\/wp-json\/wp\/v2\/pages\/12253","targetHints":{"allow":["GET"]}}],"collection":[{"href":"https:\/\/logindoc.info\/wordpress\/wp-json\/wp\/v2\/pages"}],"about":[{"href":"https:\/\/logindoc.info\/wordpress\/wp-json\/wp\/v2\/types\/page"}],"author":[{"embeddable":true,"href":"https:\/\/logindoc.info\/wordpress\/wp-json\/wp\/v2\/users\/2"}],"replies":[{"embeddable":true,"href":"https:\/\/logindoc.info\/wordpress\/wp-json\/wp\/v2\/comments?post=12253"}],"version-history":[{"count":35,"href":"https:\/\/logindoc.info\/wordpress\/wp-json\/wp\/v2\/pages\/12253\/revisions"}],"predecessor-version":[{"id":16195,"href":"https:\/\/logindoc.info\/wordpress\/wp-json\/wp\/v2\/pages\/12253\/revisions\/16195"}],"wp:attachment":[{"href":"https:\/\/logindoc.info\/wordpress\/wp-json\/wp\/v2\/media?parent=12253"}],"curies":[{"name":"wp","href":"https:\/\/api.w.org\/{rel}","templated":true}]}}